{"id":68,"date":"2025-12-17T17:40:53","date_gmt":"2025-12-17T17:40:53","guid":{"rendered":"http:\/\/saunamobile39.fr\/?page_id=68"},"modified":"2026-03-03T20:17:26","modified_gmt":"2026-03-03T20:17:26","slug":"les-tarifs","status":"publish","type":"page","link":"https:\/\/saunamobile39.fr\/?page_id=68","title":{"rendered":"Les Tarifs"},"content":{"rendered":"\t\t<div data-elementor-type=\"wp-page\" data-elementor-id=\"68\" class=\"elementor elementor-68\">\n\t\t\t\t<div class=\"elementor-element elementor-element-928be73 e-flex e-con-boxed e-con e-parent\" data-id=\"928be73\" data-element_type=\"container\">\n\t\t\t\t\t<div class=\"e-con-inner\">\n\t\t\t\t<div class=\"elementor-element elementor-element-63d324c elementor-widget elementor-widget-heading\" data-id=\"63d324c\" data-element_type=\"widget\" data-widget_type=\"heading.default\">\n\t\t\t\t\t<h2 class=\"elementor-heading-title elementor-size-default\">Sauna avec vestiaire et douche : <\/h2>\t\t\t\t<\/div>\n\t\t\t\t<div class=\"elementor-element elementor-element-339d343 elementor-widget elementor-widget-heading\" data-id=\"339d343\" data-element_type=\"widget\" data-widget_type=\"heading.default\">\n\t\t\t\t\t<h2 class=\"elementor-heading-title elementor-size-default\">luxe et bien \u00eatre \u00e0 domicile<\/h2>\t\t\t\t<\/div>\n\t\t\t\t<div class=\"elementor-element elementor-element-92961a9 elementor-widget elementor-widget-image\" data-id=\"92961a9\" data-element_type=\"widget\" data-widget_type=\"image.default\">\n\t\t\t\t\t\t\t\t\t\t\t\t\t\t\t<img fetchpriority=\"high\" decoding=\"async\" width=\"750\" height=\"470\" src=\"https:\/\/saunamobile39.fr\/wp-content\/uploads\/2026\/03\/WhatsApp-Image-2026-02-18-at-16.23.48-1024x642.jpg\" class=\"attachment-large size-large wp-image-252\" alt=\"\" srcset=\"https:\/\/saunamobile39.fr\/wp-content\/uploads\/2026\/03\/WhatsApp-Image-2026-02-18-at-16.23.48-1024x642.jpg 1024w, https:\/\/saunamobile39.fr\/wp-content\/uploads\/2026\/03\/WhatsApp-Image-2026-02-18-at-16.23.48-300x188.jpg 300w, https:\/\/saunamobile39.fr\/wp-content\/uploads\/2026\/03\/WhatsApp-Image-2026-02-18-at-16.23.48-768x481.jpg 768w, https:\/\/saunamobile39.fr\/wp-content\/uploads\/2026\/03\/WhatsApp-Image-2026-02-18-at-16.23.48-1536x963.jpg 1536w, https:\/\/saunamobile39.fr\/wp-content\/uploads\/2026\/03\/WhatsApp-Image-2026-02-18-at-16.23.48.jpg 1600w\" sizes=\"(max-width: 750px) 100vw, 750px\" \/>\t\t\t\t\t\t\t\t\t\t\t\t\t\t\t<\/div>\n\t\t\t\t<div class=\"elementor-element elementor-element-482722b elementor-widget elementor-widget-text-editor\" data-id=\"482722b\" data-element_type=\"widget\" data-widget_type=\"text-editor.default\">\n\t\t\t\t\t\t\t\t\t<p>Vivez un moment de d\u00e9tente haut de gamme directement chez vous, avec un sauna livr\u00e9, install\u00e9 et s\u00e9curis\u00e9 dans les meilleures conditions.<\/p><p><strong>Nos Formules pour les particuliers<\/strong><\/p><p><strong>Formule week-end<\/strong><\/p><p><strong>\u00a0Du vendredi \u00e0 partir de 19h au lundi 14h &#8211; 395 \u20ac TTC<\/strong><\/p><ul><li>Livraison 25 km inclus d\u00e9part Lons le Saunier et 1\u20ac km suppl\u00e9mentaire<\/li><li>Bois inclus pour 3 s\u00e9ances\u00a0: option bois suppl\u00e9mentaire15kg 15\u20ac (+\/- 3 s\u00e9ances)<\/li><li>Nettoyage par le client ou par mes propres soins\u00a0: option 30\u20ac\u00a0<\/li><li>Drap de bain et peignoir\u00a0: option 5\u20ac l\u2019ensemble<\/li><li>Caution : ch\u00e8que 1500\u20ac<\/li><\/ul><p><strong>\u00a0Formule<\/strong> <strong>semaine<\/strong><\/p><p><strong>\u00a0Du vendredi \u00e0 partir de 19h au vendredi 14h &#8211; 595 \u20ac TTC<\/strong><\/p><ul><li>Livraison 25 km inclus d\u00e9part Lons le Saunier et 1\u20ac km suppl\u00e9mentaire<\/li><li>Bois fourni pour 5 s\u00e9ances\u00a0: option bois 15kg 15\u20ac (+\/- 3 s\u00e9ances)<\/li><li>Nettoyage par le client ou par mes propres soins\u00a0: option 30\u20ac<\/li><li>Drap de bain et peignoir\u00a0: option 5\u20ac l\u2019ensemble<\/li><li>Caution\u00a0: ch\u00e8que 1500\u20ac<\/li><\/ul><p><\/p><p><strong>\u00a0<\/strong><strong>Formule sur mesure<\/strong><\/p><p>Pour toutes demandes sp\u00e9cifiques (dur\u00e9e, lieu, options\u2026) devis personnalis\u00e9s sur demande<br \/>\u00a0\u00a0\u00a0\u00a0\u00a0 \u00a0<\/p><p><strong>\u00a0<\/strong><strong>S\u00e9ances privatis\u00e9es \u00e0 Macornay 39570<\/strong><\/p><ul><li>S\u00e9ance 50 minutes 50 \u20ac pour 2 personnes<\/li><li>Draps de bain\/peignoirs\/tong inclus<br \/>\u00a015 \u20ac par personne suppl\u00e9mentaire : (jusqu\u2019\u00e0 4 personnes)<\/li><li>R\u00e9duction de 5\u20ac par personne si vous apportez draps de bain\/peignoirs\/tongs<\/li><li>Capacit\u00e9 maximum\u00a0: 6 personnes<\/li><\/ul><p><\/p><p><strong>\u00a0<\/strong><strong>Programme de fid\u00e9lit\u00e9<\/strong><\/p><ul><li><strong>Apr\u00e8s 5 r\u00e9servations = la 6<\/strong><strong>\u1d49<\/strong><strong> offerte<\/strong><\/li><li>valable sur location ou s\u00e9ance privatis\u00e9e<\/li><\/ul><p><strong>\u00a0<\/strong><\/p><p><strong>\u00a0Professionnels <\/strong><\/p><p>Pour s\u00e9minaires d\u2019entreprises, prestataires d\u2019\u00e9v\u00e9nementiel, campings, h\u00f4tels, gites, chambres d\u2019h\u00f4tes, festivals etc\u2026<br \/><strong>Contactez nous pour un devis personnalis\u00e9<\/strong><\/p><p><strong>\u00a0 <\/strong><\/p><p><strong>Conditions de location<\/strong><\/p><p>Toutes pi\u00e8ces de linge (draps de bain ou peignoirs) d\u00e9chir\u00e9es, ab\u00eem\u00e9es ou manquantes lors du retour seront factur\u00e9es. (Drap de bain 20\u20ac, peignoir 80\u20ac)<\/p><p>La caution de 1 500 \u20ac couvre les \u00e9ventuels dommages mat\u00e9riels et manquements<\/p>\t\t\t\t\t\t\t\t<\/div>\n\t\t\t\t\t<\/div>\n\t\t\t\t<\/div>\n\t\t\t\t<\/div>\n\t\t","protected":false},"excerpt":{"rendered":"<p>Sauna avec vestiaire et douche : luxe et bien \u00eatre \u00e0 domicile Vivez un moment de d\u00e9tente haut de gamme directement chez vous, avec un sauna livr\u00e9, install\u00e9 et s\u00e9curis\u00e9 dans les meilleures conditions. Nos Formules pour les particuliers Formule week-end \u00a0Du vendredi \u00e0 partir de 19h au lundi 14h [&hellip;]<\/p>\n","protected":false},"author":1,"featured_media":0,"parent":0,"menu_order":0,"comment_status":"closed","ping_status":"closed","template":"page-templates\/template-pagebuilder-full-width.php","meta":{"_themeisle_gutenberg_block_has_review":false,"footnotes":""},"class_list":["post-68","page","type-page","status-publish","hentry"],"_links":{"self":[{"href":"https:\/\/saunamobile39.fr\/index.php?rest_route=\/wp\/v2\/pages\/68","targetHints":{"allow":["GET"]}}],"collection":[{"href":"https:\/\/saunamobile39.fr\/index.php?rest_route=\/wp\/v2\/pages"}],"about":[{"href":"https:\/\/saunamobile39.fr\/index.php?rest_route=\/wp\/v2\/types\/page"}],"author":[{"embeddable":true,"href":"https:\/\/saunamobile39.fr\/index.php?rest_route=\/wp\/v2\/users\/1"}],"replies":[{"embeddable":true,"href":"https:\/\/saunamobile39.fr\/index.php?rest_route=%2Fwp%2Fv2%2Fcomments&post=68"}],"version-history":[{"count":25,"href":"https:\/\/saunamobile39.fr\/index.php?rest_route=\/wp\/v2\/pages\/68\/revisions"}],"predecessor-version":[{"id":255,"href":"https:\/\/saunamobile39.fr\/index.php?rest_route=\/wp\/v2\/pages\/68\/revisions\/255"}],"wp:attachment":[{"href":"https:\/\/saunamobile39.fr\/index.php?rest_route=%2Fwp%2Fv2%2Fmedia&parent=68"}],"curies":[{"name":"wp","href":"https:\/\/api.w.org\/{rel}","templated":true}]}}