{"id":66,"date":"2025-12-17T17:40:27","date_gmt":"2025-12-17T17:40:27","guid":{"rendered":"http:\/\/saunamobile39.fr\/?page_id=66"},"modified":"2026-03-03T20:12:32","modified_gmt":"2026-03-03T20:12:32","slug":"ma-demarche","status":"publish","type":"page","link":"https:\/\/saunamobile39.fr\/?page_id=66","title":{"rendered":"Ma D\u00e9marche"},"content":{"rendered":"\t\t<div data-elementor-type=\"wp-page\" data-elementor-id=\"66\" class=\"elementor elementor-66\">\n\t\t\t\t<div class=\"elementor-element elementor-element-2e0b5fa e-flex e-con-boxed e-con e-parent\" data-id=\"2e0b5fa\" data-element_type=\"container\">\n\t\t\t\t\t<div class=\"e-con-inner\">\n\t\t\t\t<div class=\"elementor-element elementor-element-f8a36f0 elementor-widget elementor-widget-heading\" data-id=\"f8a36f0\" data-element_type=\"widget\" data-widget_type=\"heading.default\">\n\t\t\t\t\t<h2 class=\"elementor-heading-title elementor-size-default\">Ma d\u00e9marche :<\/h2>\t\t\t\t<\/div>\n\t\t\t\t<div class=\"elementor-element elementor-element-ad6faa5 elementor-widget elementor-widget-text-editor\" data-id=\"ad6faa5\" data-element_type=\"widget\" data-widget_type=\"text-editor.default\">\n\t\t\t\t\t\t\t\t\t<p>J&rsquo;ai cr\u00e9\u00e9 cette activit\u00e9 de location par passion pour cet art de vivre nordique et l&rsquo;envie de <strong>partager ses bienfaits<\/strong>. Pour moi, ce rituel n&rsquo;est pas seulement un moment de d\u00e9tente et de bien-\u00eatre, c&rsquo;est aussi une exp\u00e9rience conviviale et unique.<\/p><p>En proposant ce <strong>bien-\u00eatre \u00e0 domicile<\/strong>, je souhaite offrir \u00e0 chacun la possibilit\u00e9 de profiter de ces instants relaxants dans le <strong>confort et le calme<\/strong> de son propre environnement.<\/p><p>Mon objectif est de permettre \u00e0 tous de d\u00e9couvrir et savourer la chaleur apaisante et la convivialit\u00e9 que cette pratique peut apporter, tout en cr\u00e9ant des <strong>moments m\u00e9morables<\/strong> \u00e0 partager en famille ou entre amis.<\/p>\t\t\t\t\t\t\t\t<\/div>\n\t\t\t\t<div class=\"elementor-element elementor-element-a4354a3 elementor-widget elementor-widget-image\" data-id=\"a4354a3\" data-element_type=\"widget\" data-widget_type=\"image.default\">\n\t\t\t\t\t\t\t\t\t\t\t\t\t\t\t<img fetchpriority=\"high\" decoding=\"async\" width=\"750\" height=\"1000\" src=\"https:\/\/saunamobile39.fr\/wp-content\/uploads\/2026\/03\/WhatsApp-Image-2026-02-18-at-16.23.43-4-768x1024.jpeg\" class=\"attachment-large size-large wp-image-172\" alt=\"\" srcset=\"https:\/\/saunamobile39.fr\/wp-content\/uploads\/2026\/03\/WhatsApp-Image-2026-02-18-at-16.23.43-4-768x1024.jpeg 768w, https:\/\/saunamobile39.fr\/wp-content\/uploads\/2026\/03\/WhatsApp-Image-2026-02-18-at-16.23.43-4-225x300.jpeg 225w, https:\/\/saunamobile39.fr\/wp-content\/uploads\/2026\/03\/WhatsApp-Image-2026-02-18-at-16.23.43-4-1152x1536.jpeg 1152w, https:\/\/saunamobile39.fr\/wp-content\/uploads\/2026\/03\/WhatsApp-Image-2026-02-18-at-16.23.43-4.jpeg 1200w\" sizes=\"(max-width: 750px) 100vw, 750px\" \/>\t\t\t\t\t\t\t\t\t\t\t\t\t\t\t<\/div>\n\t\t\t\t\t<\/div>\n\t\t\t\t<\/div>\n\t\t\t\t<\/div>\n\t\t","protected":false},"excerpt":{"rendered":"<p>Ma d\u00e9marche : J&rsquo;ai cr\u00e9\u00e9 cette activit\u00e9 de location par passion pour cet art de vivre nordique et l&rsquo;envie de partager ses bienfaits. Pour moi, ce rituel n&rsquo;est pas seulement un moment de d\u00e9tente et de bien-\u00eatre, c&rsquo;est aussi une exp\u00e9rience conviviale et unique. En proposant ce bien-\u00eatre \u00e0 domicile, [&hellip;]<\/p>\n","protected":false},"author":1,"featured_media":0,"parent":0,"menu_order":0,"comment_status":"closed","ping_status":"closed","template":"page-templates\/template-pagebuilder-full-width.php","meta":{"_themeisle_gutenberg_block_has_review":false,"footnotes":""},"class_list":["post-66","page","type-page","status-publish","hentry"],"_links":{"self":[{"href":"https:\/\/saunamobile39.fr\/index.php?rest_route=\/wp\/v2\/pages\/66","targetHints":{"allow":["GET"]}}],"collection":[{"href":"https:\/\/saunamobile39.fr\/index.php?rest_route=\/wp\/v2\/pages"}],"about":[{"href":"https:\/\/saunamobile39.fr\/index.php?rest_route=\/wp\/v2\/types\/page"}],"author":[{"embeddable":true,"href":"https:\/\/saunamobile39.fr\/index.php?rest_route=\/wp\/v2\/users\/1"}],"replies":[{"embeddable":true,"href":"https:\/\/saunamobile39.fr\/index.php?rest_route=%2Fwp%2Fv2%2Fcomments&post=66"}],"version-history":[{"count":31,"href":"https:\/\/saunamobile39.fr\/index.php?rest_route=\/wp\/v2\/pages\/66\/revisions"}],"predecessor-version":[{"id":247,"href":"https:\/\/saunamobile39.fr\/index.php?rest_route=\/wp\/v2\/pages\/66\/revisions\/247"}],"wp:attachment":[{"href":"https:\/\/saunamobile39.fr\/index.php?rest_route=%2Fwp%2Fv2%2Fmedia&parent=66"}],"curies":[{"name":"wp","href":"https:\/\/api.w.org\/{rel}","templated":true}]}}